{"version":"1.0","provider_name":"Consulado General de la Rep\u00fablica Dominicana en San Pedro Sula, Honduras","provider_url":"https:\/\/hnd.mirex.gob.do\/consular\/san-pedro-sula","title":"Despacho del C\u00f3nsul - Consulado General de la Rep\u00fablica Dominicana en San Pedro Sula, Honduras","type":"rich","width":600,"height":338,"html":"<blockquote class=\"wp-embedded-content\" data-secret=\"iCbVvGCM4X\"><a href=\"https:\/\/hnd.mirex.gob.do\/consular\/san-pedro-sula\/consul-general\/\">Despacho del C\u00f3nsul<\/a><\/blockquote><iframe sandbox=\"allow-scripts\" security=\"restricted\" src=\"https:\/\/hnd.mirex.gob.do\/consular\/san-pedro-sula\/consul-general\/embed\/#?secret=iCbVvGCM4X\" width=\"600\" height=\"338\" title=\"&#8220;Despacho del C\u00f3nsul&#8221; &#8212; Consulado General de la Rep\u00fablica Dominicana en San Pedro Sula, Honduras\" data-secret=\"iCbVvGCM4X\" frameborder=\"0\" marginwidth=\"0\" marginheight=\"0\" scrolling=\"no\" class=\"wp-embedded-content\"><\/iframe><script>\n\/*! This file is auto-generated *\/\n!function(d,l){\"use strict\";l.querySelector&&d.addEventListener&&\"undefined\"!=typeof URL&&(d.wp=d.wp||{},d.wp.receiveEmbedMessage||(d.wp.receiveEmbedMessage=function(e){var t=e.data;if((t||t.secret||t.message||t.value)&&!\/[^a-zA-Z0-9]\/.test(t.secret)){for(var s,r,n,a=l.querySelectorAll('iframe[data-secret=\"'+t.secret+'\"]'),o=l.querySelectorAll('blockquote[data-secret=\"'+t.secret+'\"]'),c=new RegExp(\"^https?:$\",\"i\"),i=0;i<o.length;i++)o[i].style.display=\"none\";for(i=0;i<a.length;i++)s=a[i],e.source===s.contentWindow&&(s.removeAttribute(\"style\"),\"height\"===t.message?(1e3<(r=parseInt(t.value,10))?r=1e3:~~r<200&&(r=200),s.height=r):\"link\"===t.message&&(r=new URL(s.getAttribute(\"src\")),n=new URL(t.value),c.test(n.protocol))&&n.host===r.host&&l.activeElement===s&&(d.top.location.href=t.value))}},d.addEventListener(\"message\",d.wp.receiveEmbedMessage,!1),l.addEventListener(\"DOMContentLoaded\",function(){for(var e,t,s=l.querySelectorAll(\"iframe.wp-embedded-content\"),r=0;r<s.length;r++)(t=(e=s[r]).getAttribute(\"data-secret\"))||(t=Math.random().toString(36).substring(2,12),e.src+=\"#?secret=\"+t,e.setAttribute(\"data-secret\",t)),e.contentWindow.postMessage({message:\"ready\",secret:t},\"*\")},!1)))}(window,document);\n\/\/# sourceURL=https:\/\/hnd.mirex.gob.do\/consular\/san-pedro-sula\/wp-includes\/js\/wp-embed.min.js\n<\/script>\n","thumbnail_url":"https:\/\/hnd.mirex.gob.do\/consular\/san-pedro-sula\/wp-content\/uploads\/2025\/05\/88712785-76B2-475A-AEE3-593D1173400B-1-copia.jpg","thumbnail_width":1290,"thumbnail_height":2293,"description":"Melinton Francisco Jim\u00e9nez Salvador- C\u00f3nsul General Ingeniero Industrial y de Sistemas, egresado con honores del Tecnol\u00f3gico de Monterrey, M\u00e9xico. Cuenta con una maestr\u00eda en Direcci\u00f3n y Gesti\u00f3n de Proyectos de la Universidad Polit\u00e9cnica de Valencia, Espa\u00f1a. Certificado por la Sociedad Americana para la Calidad (ASQ, por sus siglas en Ingl\u00e9s) como Experto en Procesos de Calidad y por el Project Management Institute (PMI) como Asociado en la Gesti\u00f3n de Proyectos, adem\u00e1s cuenta con el aval del International Register of Certificated Auditors (IRCA) como Auditor L\u00edder de Sistemas de Gesti\u00f3n de Calidad y del Lean Six Sigma Institute como Especialista en Mejora de Procesos aplicando Six Sigma. Asimismo, como parte de su formaci\u00f3n acad\u00e9mica y profesional ha cursado diversos programas especializados y actualizaciones a nivel nacional e internacional, tales como el Programa de Habilidades Directivas y Gerenciales impartido por Barna Management School y el Programa de Liderazgo y Gerencia Orientado a Resultados por Dale Carnegie & Associates, complementado con varios talleres en negociaci\u00f3n, servicio al cliente, comercio internacional, relaciones internacionales, derechos humanos y estrategias. En el ambiente laboral ha sido Encargado de la Red de Abastecimiento Social de los programas sociales del Gobierno dominicano (2019-2020), posee amplia experiencia en la implementaci\u00f3n y conducci\u00f3n de Sistemas de Gesti\u00f3n Integrados basados en las normas ISO (9001, 14001, 27001), Gesti\u00f3n de Riesgos, Formulaci\u00f3n y Monitoreo de Planes, Programas y Proyectos, Desarrollo Organizacional y aplicaci\u00f3n de herramientas para la mejora continua en organizaciones nacionales e internacionales. Igualmente, se ha desempe\u00f1ado como Director de Subsidios Sociales (2023-2024) y Gerente de Negocios Electr\u00f3nicos del Banco de Reservas de la Rep\u00fablica Dominicana (2020-2023) en donde dirigi\u00f3 la puesta en marcha de varias soluciones de pago para los distintos subsidios sociales del Gobierno dominicano. Asimismo, ha puesto de manifiesto sus conocimientos en el extranjero, manejando proyectos especiales de empresas multinacionales en M\u00e9xico, Espa\u00f1a y Portugal. Desde el mes de enero de 2024 ha sido designado por el Presidente de la Rep\u00fablica, Lu\u00eds Abinader Corona, como C\u00f3nsul General de la Rep\u00fablica Dominicana en la ciudad de San Pedro Sula, Honduras, siendo hasta el momento el C\u00f3nsul General m\u00e1s joven designado en alg\u00fan lugar por el actual Gobierno dominicano. A su llegada a la misi\u00f3n consular ha logrado posicionar los procesos para brindar un servicio adecuado a los ciudadanos dominicanos y dem\u00e1s solicitantes que demandan los servicios en Honduras."}

Consulado General de la República Dominicana en San Pedro Sula, Honduras

Despacho del Cónsul - Consulado General de la República Dominicana en San Pedro Sula, Honduras

<blockquote class="wp-embedded-content" data-secret="iCbVvGCM4X"><a href="https://hnd.mirex.gob.do/consular/san-pedro-sula/consul-general/">Despacho del Cónsul</a></blockquote><iframe sandbox="allow-scripts" security="restricted" src="https://hnd.mirex.gob.do/consular/san-pedro-sula/consul-general/embed/#?secret=iCbVvGCM4X" width="600" height="338" title="&#8220;Despacho del Cónsul&#8221; &#8212; Consulado General de la República Dominicana en San Pedro Sula, Honduras" data-secret="iCbVvGCM4X" frameborder="0" marginwidth="0" marginheight="0" scrolling="no" class="wp-embedded-content"></iframe><script>
/*! This file is auto-generated */
!function(d,l){"use strict";l.querySelector&&d.addEventListener&&"undefined"!=typeof URL&&(d.wp=d.wp||{},d.wp.receiveEmbedMessage||(d.wp.receiveEmbedMessage=function(e){var t=e.data;if((t||t.secret||t.message||t.value)&&!/[^a-zA-Z0-9]/.test(t.secret)){for(var s,r,n,a=l.querySelectorAll('iframe[data-secret="'+t.secret+'"]'),o=l.querySelectorAll('blockquote[data-secret="'+t.secret+'"]'),c=new RegExp("^https?:$","i"),i=0;i<o.length;i++)o[i].style.display="none";for(i=0;i<a.length;i++)s=a[i],e.source===s.contentWindow&&(s.removeAttribute("style"),"height"===t.message?(1e3<(r=parseInt(t.value,10))?r=1e3:~~r<200&&(r=200),s.height=r):"link"===t.message&&(r=new URL(s.getAttribute("src")),n=new URL(t.value),c.test(n.protocol))&&n.host===r.host&&l.activeElement===s&&(d.top.location.href=t.value))}},d.addEventListener("message",d.wp.receiveEmbedMessage,!1),l.addEventListener("DOMContentLoaded",function(){for(var e,t,s=l.querySelectorAll("iframe.wp-embedded-content"),r=0;r<s.length;r++)(t=(e=s[r]).getAttribute("data-secret"))||(t=Math.random().toString(36).substring(2,12),e.src+="#?secret="+t,e.setAttribute("data-secret",t)),e.contentWindow.postMessage({message:"ready",secret:t},"*")},!1)))}(window,document);
//# sourceURL=https://hnd.mirex.gob.do/consular/san-pedro-sula/wp-includes/js/wp-embed.min.js
</script>

Melinton Francisco Jiménez Salvador- Cónsul General Ingeniero Industrial y de Sistemas, egresado con honores del Tecnológico de Monterrey, México. Cuenta con una maestría en Dirección y Gestión de Proyectos de la Universidad Politécnica de Valencia, España. Certificado por la Sociedad Americana para la Calidad (ASQ, por sus siglas en Inglés) como Experto en Procesos de Calidad y por el Project Management Institute (PMI) como Asociado en la Gestión de Proyectos, además cuenta con el aval del International Register of Certificated Auditors (IRCA) como Auditor Líder de Sistemas de Gestión de Calidad y del Lean Six Sigma Institute como Especialista en Mejora de Procesos aplicando Six Sigma. Asimismo, como parte de su formación académica y profesional ha cursado diversos programas especializados y actualizaciones a nivel nacional e internacional, tales como el Programa de Habilidades Directivas y Gerenciales impartido por Barna Management School y el Programa de Liderazgo y Gerencia Orientado a Resultados por Dale Carnegie & Associates, complementado con varios talleres en negociación, servicio al cliente, comercio internacional, relaciones internacionales, derechos humanos y estrategias. En el ambiente laboral ha sido Encargado de la Red de Abastecimiento Social de los programas sociales del Gobierno dominicano (2019-2020), posee amplia experiencia en la implementación y conducción de Sistemas de Gestión Integrados basados en las normas ISO (9001, 14001, 27001), Gestión de Riesgos, Formulación y Monitoreo de Planes, Programas y Proyectos, Desarrollo Organizacional y aplicación de herramientas para la mejora continua en organizaciones nacionales e internacionales. Igualmente, se ha desempeñado como Director de Subsidios Sociales (2023-2024) y Gerente de Negocios Electrónicos del Banco de Reservas de la República Dominicana (2020-2023) en donde dirigió la puesta en marcha de varias soluciones de pago para los distintos subsidios sociales del Gobierno dominicano. Asimismo, ha puesto de manifiesto sus conocimientos en el extranjero, manejando proyectos especiales de empresas multinacionales en México, España y Portugal. Desde el mes de enero de 2024 ha sido designado por el Presidente de la República, Luís Abinader Corona, como Cónsul General de la República Dominicana en la ciudad de San Pedro Sula, Honduras, siendo hasta el momento el Cónsul General más joven designado en algún lugar por el actual Gobierno dominicano. A su llegada a la misión consular ha logrado posicionar los procesos para brindar un servicio adecuado a los ciudadanos dominicanos y demás solicitantes que demandan los servicios en Honduras.
